 v*y + 5*d - 14. Let x(f) = f**3 + 3*f**2 + 3*f + 3. What is x(y)?
-6
Suppose v + 4*n + 30 = -25, -2*n - 275 = 5*v. Let r = 48 + v. Let f(p) = p**2 + 7*p + 4. What is f(r)?
4
Let r(h) be the third derivative of -3*h**4/2 - 324*h**2. What is r(1)?
-36
Let k(s) = -s**3 - s**2 + 7. Let l = 6 + -6. Let d = l - 8. Let i = 8 + d. Determine k(i).
7
Let q(u) be the first derivative of -u**4/4 - u**2/2 + 5*u + 321. What is q(0)?
5
Suppose 0 = -o + t, -5*t + 3*t - 4 = -4*o. Suppose 12 = -o*p - 4*p. Let u(l) = l**2 + 4*l + 2. What is u(p)?
-2
Let u(m) = -1. Let t(b) = b**2 + b - 4. Let p(v) = t(v) + 5*u(v). Suppose -119*i = -120*i. Calculate p(i).
-9
Let b be (-84)/30 + 3/(-15). Let w(i) be the second derivative of -i**5/20 - i**4/3 - i**3/2 + 3*i**2/2 - 19*i. Calculate w(b).
3
Let m(x) be the third derivative of -x**5/60 - x**3 - x**2. Let f be (12/(-14))/((-4)/(-28)). Let p be f/(-15) - (-4)/(-10). Determine m(p).
-6
Let q be 19/11 - (-42)/154. Let y(l) = 15*l**2 - 2*l - 1. Calculate y(q).
55
Let s(d) = -d - 2. Suppose -5*o = -2*o + 6. Let w = o - -4. Suppose -u - 4 = 0, 5*u = 4*y + 2 + w. Give s(y).
4
Let o be 0/(-2) + 2 - 0. Let x(c) = 3 - 3*c + 6*c - o*c. Let b be x(-7). Let l(g) = -g**3 - 3*g**2 + 4*g + 6. Determine l(b).
6
Let y(d) be the third derivative of d**5/120 - d**4/24 - 3*d**3 + 13*d**2. Let f(z) be the first derivative of y(z). Calculate f(-5).
-6
Let j(s) = 3*s + 14. Suppose -379*i + 374*i - 35 = 0. Determine j(i).
-7
Suppose -v - 3*y = -73, 2*y + 0*y + 10 = 0. Let j(s) = 0*s - s**2 - v + 104 + s. Calculate j(0).
16
Let a(w) = -w**2 - 4*w + 10. Suppose -345 - 26 = 53*t. What is a(t)?
-11
Suppose 3*v - 7 = 5. Let y(m) = 2*m - 5. Let k be y(v). Let g = 0 - k. Let u(o) = -o - 1. What is u(g)?
2
Let u(q) = -q**2 - q + 7. Let r be u(-5). Let f = r + 22. Suppose -f + 3 = 3*l. Let v(o) = 2*o**3 + o**2 - 2*o + 1. Calculate v(l).
-7
Let j(l) = 6*l - 6. Let b(a) = 11*a - 12. Let v(r) = -3*b(r) + 5*j(r). Let k(i) = i**2 + 37*i - 2304. Let q be k(-70). Give v(q).
-12
Let x(n) = n**2 + 66*n - 432. Let z be x(6). Let l(b) = -b**2 + b + 5. Calculate l(z).
5
Let s(c) be the third derivative of c**6/120 - 13*c**5/30 + 9*c**4/8 - 26*c**3/3 - 3*c**2 + 126. Determine s(25).
-2
Let m(n) = -3*n**3. Let p = 13 - 13. Suppose p = 5*g - 4*x - 26, -4*g - 3*x - 5 = -1. Suppose -2 + 0 = -g*q. What is m(q)?
-3
Let b(j) = 11 + 13 - 6*j**2 - 39 + 13 + 0*j**2. Calculate b(-2).
-26
Let b(v) = -2*v + 5. Let y(k) be the third derivative of -k**6/120 - 13*k**5/60 + k**4/24 + 3*k**3 - 2*k**2. Let x be y(-13). Determine b(x).
-5
Let m(x) be the first derivative of x**4/4 - 5*x**3 + 6*x + 173. Give m(15).
6
Let k(r) = 5*r - 2. Let g be (16/48)/((-8)/(-120)). Determine k(g).
23
Suppose -5*t - 38 = -7*t. Suppose 17*o = t*o. Let a(u) = u**3 + u - 4. Give a(o).
-4
Suppose 61 = 3*j + j + o, -51 = -3*j + o. Suppose 0 = -4*i + 3*m + 32, -3*i = -5*i - 3*m + j. Let k(v) = v**3 - 9*v**2 + 9*v - 9. What is k(i)?
-1
Let a(o) be the third derivative of -5*o**4/12 - o**3/2 + 77*o**2. What is a(3)?
-33
Let f = 25 - 7. Suppose -4*m + f = 2*b, 0*b = 4*m + 3*b - 17. Let w(d) = -d**3 + 4*d**2 + 5*d - 7. Determine w(m).
-7
Suppose 4*i + 5*k + 29 = 0, 0 = 4*i - 0*i - k - 1. Let v = -20 + 37. Let q(c) = -36 + v + 18 + 2*c**2 + 14*c**3. What is q(i)?
-13
Let i(j) = 0*j**3 + 3*j**3 - 2*j**3 + 6*j**2 - j + 4*j - 7. Let p be i(-5). Suppose -2*b + p = b. Let q(n) = 4*n**3 - n**2 + 1. Give q(b).
4
Let h(m) be the first derivative of -3*m - m**2 - 1/4*m**4 - 2*m**3 + 2. What is h(-6)?
9
Suppose 25 = 3*h + 19. Let k(m) = -m**2 + 4*m. Let s be k(3). Let l(f) = 7*f**h + f**2 - 2*f**2 - f - 8 + 0*f**2 + f**s. Determine l(-6).
-2
Let p(h) = h**2 + h. Let a be p(-3). Let b(s) = a*s + 3*s**2 - 16*s - 5*s**2 + 8*s - 1. What is b(-1)?
-1
Let o(h) = -h**3 + 8*h**2 - h + 1. Let y = -238 + 246. Determine o(y).
-7
Let k(o) = -4*o**2 + 18*o - 14. Let u(v) = v**2 - v + 1. Let i(g) = -k(g) - 5*u(g). Give i(-14).
-5
Let k be (-2)/(-3) + 57/9. Let x be (-33)/(-7) + 2/k. Let l(i) = -8*i**3 + x*i**2 + 7*i**3 + 8*i + 1 - 2*i. What is l(6)?
1
Let x(o) be the first derivative of -2*o**3/3 + 2*o + 81. Calculate x(-4).
-30
Let y(s) be the third derivative of s**6/120 - 3*s**5/20 + s**4/3 + 2*s**3/3 + 43*s**2. Calculate y(8).
4
Let c = 1074 - 1076. Let b(u) = 10*u. What is b(c)?
-20
Let p = -6 - -8. Suppose 2 - 12 = p*g. Let c(r) be the first derivative of r**4/4 + 2*r**3 + 5*r**2/2 - 2*r + 53. Give c(g).
-2
Let z(h) = -5*h + 2. Let r be (112/40 - 2)*(-5)/(-2). Give z(r).
-8
Let g(b) = b**2 + 3*b + 4. Suppose -h - 3 = -10. Let a be ((-20)/(-14))/(1/7). Let z = h - a. What is g(z)?
4
Let t(w) be the first derivative of w**2 + 1. Let c be (-84)/(-63)*(-33)/22. Calculate t(c).
-4
Suppose -4*c - 17 = 91. Let w be (-129)/c - (-2)/9. Let t(f) = f - 1. Calculate t(w).
4
Let i be 201*-2*2/12. Let n = -72 - i. Let a(b) = 2*b + 2. Determine a(n).
-8
Let w(n) be the third derivative of 1/24*n**4 + 0 + 0*n - 13/6*n**3 - 30*n**2. Calculate w(0).
-13
Let s = 47 + -43. Let y(h) = 0*h - 2 + s + 5*h. Determine y(4).
22
Let g(w) = w**2 + w - 24. Let v(k) = k**2 + k - 25. Let d(x) = -6*g(x) + 5*v(x). Calculate d(0).
19
Let s(t) = -2*t**2 - 10*t + 18. Let w be s(-6). Suppose -u - 5*z = -w*u + 20, z = -u + 6. Let b(i) = -2*i + 7. Give b(u).
-3
Let q(x) = -x**3 - 5*x**2 + 7*x + 3. Suppose 17 = h + 23. Calculate q(h).
-3
Suppose -5*x + g + 71 + 0 = 0, -4*x + 5*g = -61. Let m = -13 + x. Let b(j) = 11*j + 1. Give b(m).
12
Let m = 184 - 184. Let a(b) be the second derivative of -2*b + m - 1/2*b**2 + 1/6*b**3. Calculate a(1).
0
Let z = 1747 + -1750. Let v(w) = -3*w**3 + 3*w**2 + 6*w - 2. Let h(s) = 2*s**3 - 3*s**2 - 5*s + 2. Let g(l) = 4*h(l) + 3*v(l). Determine g(z).
8
Let w(s) = 25*s**3 + 2*s**2 - 5*s - 7. Let u(q) = -38*q**3 - 3*q**2 + 8*q + 11. Let n(j) = 5*u(j) + 8*w(j). Suppose -44*g - 36 - 8 = 0. Calculate n(g).
-10
Let j(n) = -7*n + 1. Let r(s) = 7*s + 14. Let w(x) = 29*x + 55. Let c(d) = -9*r(d) + 2*w(d). Let i be c(-3). Give j(i).
8
Let g(o) = -o**3 + o**2 - o - 1. Let m = 25 - 22. Suppose 4*x = 3*k - 12, 8*x + 4*k - 16 = m*x. Calculate g(x).
-1
Let i(h) = 16*h**3 + 26*h**2 - 5*h + 15. Let d(l) = -3*l**3 - 6*l**3 - 3 + 6*l**3 + l - 5*l**2. Let r(z) = 11*d(z) + 2*i(z). What is r(-3)?
-6
Let c(y) = -y**3 - 7*y**2 - 6*y. Suppose -78*t + 74*t - 16 = 0. Determine c(t).
-24
Let z = -363 - -535. Suppose -q + r - 48 = -r, z = -4*q + 4*r. Let l = -32 - q. Let v(b) = b**3 - 5*b**2 - 7*b + 6. Calculate v(l).
0
Let g(c) = -c**2 - c - 1. Let j be g(2). Let h(x) = x**3 + 7*x**2 - 2*x - 10. What is h(j)?
4
Let v(f) = -5*f + 0*f**3 + f**3 - 1 - 17*f**2 + 9*f + 12*f**2. Determine v(5).
19
Let c(d) be the third derivative of 0 + 0*d**5 + 0*d - 1/6*d**3 - 1/12*d**4 - 2*d**2 - 1/15*d**6. Suppose -b = -4 + 5. Calculate c(b).
9
Let p(s) be the first derivative of s**4/4 - s**3/3 - 21*s + 333. Give p(0).
-21
Let i(k) = -k - 5. Let c(x) = 2*x - 2. Let m be c(-5). Let s be i(m). Let u = s + -4. Let v(y) = -3*y. What is v(u)?
-9
Let b(l) = -62*l + 20*l + 23*l + 20*l + 15. Suppose -w - 6 = 2. What is b(w)?
7
Let r(t) = -t - 2. Let v = 163 - 158. Let h = 3 - 1. Suppose v - 17 = h*b. Give r(b).
4
Let s(c) = c**2 + 2*c - 5. Let u be -2 + 3 + 3*(-1 + 0). Let b be u*(1/1)/(2/4). Determine s(b).
3
Let u(w) = -w - 56*w**2 + 40*w**2 + 5 - 5. What is u(-1)?
-15
Suppose 6*n = 2*n + 16, 4*n - 4 = 3*j. Let v(a) be the first derivative of -a**4/12 + a**3/2 + 3*a**2 + 7. Let t(l) be the second derivative of v(l). Give t(j).
-5
Suppose 21 - 1 = 4*w. Let p(y) = 11. Let z(s) = 3*s - 57. Let v(f) = -5*p(f) - z(f). What is v(w)?
-13
Let u(f) be the first derivative of f**4/24 + 9*f**2 + 19. Let k(z) be the second derivative of u(z). Determine k(-6).
-6
Let o(q) = q**3 + 4*q**2 + 24*q - 2. Let h(n) = n**2 - 5*n. Let r(f) = 3*h(f) + o(f). What is r(-4)?
10
Let x(n) = n + 19. Let v(u) = -u - 21. Suppose 3*w = 5*h + 18, 4*h - 2*h + 32 = -5*w. Let m(q) = h*x(q) - 5*v(q). Give m(7).
-16
Let f = -6 - -9. Let w(u) = 36*u**2 - 40*u**2 - 3*u + 0*u**f + 3 + u + u**3. Calculate w(4).
-5
Let g(n) = -2*n**3 - 2*n**2 - 2. Suppose -90 + 94 = c. Suppose s - l + 6 = 0, c*s - l + 2 = -10. Determine g(s).
6
Let t be 58/10 + 3/15. Let m be ((-14)/4)/(-7)*t. Suppose 2*n + 4 = m*n. Let c(h) = 3*h - 6. Calcula